.
300
Calculate the remainder when 1817263 is divided by 374.
371
What is the remainder when 3218422 is divided by 3218361?
61
Calculate the remainder when 4312786 is divided by 1982.
1936
Calculate the remainder when 163843355 is divided by 141733.
7
Calculate the remainder when 302955 is divided by 16814.
303
Calculate the remainder when 193362146 is divided by 96681071.
4
What is the remainder when 2026442 is divided by 211?
209
What is the remainder when 4171989 is divided by 2182?
5
What is the remainder when 14479391 is divided by 13?
4
Calculate the remainder when 411963 is divided by 45.
33
What is the remainder when 113612398 is divided by 2736?
2734
Calculate the remainder when 2631876 is divided by 24.
12
What is the remainder when 30498 is divided by 364?
286
What is the remainder when 340255 is divided by 34007?
185
Calculate the remainder when 169785 is divided by 907.
176
What is the remainder when 33233891 is divided by 255?
251
Calculate the remainder when 96668939 is divided by 2416723.
19
Calculate the remainder when 92602971 is divided by 359.
357
Calculate the remainder when 75705999 is divided by 2867.
2864
What is the remainder when 569403 is divided by 141665?
2743
What is the remainder when 5974114 is divided by 607?
20
Calculate the remainder when 9426439 is divided by 110897.
194
What is the remainder when 24968879 is divided by 23?
10
What is the remainder when 56401566 is divided by 14559?
0
Calculate the remainder when 429909 is divided by 18.
15
What is the remainder when 1135077 is divided by 261?
249
What is the remainder when 1562749 is divided by 7269?
7183
Calculate the remainder when 373730 is divided by 186812.
106
What is the remainder when 10734245 is divided by 53?
49
What is the remainder when 862230 is divided by 6115?
15
What is the remainder when 4021159 is divided by 226?
167
Calculate the remainder when 6645329 is divided by 158.
7
Calculate the remainder when 387465 is divided by 19.
17
What is the remainder when 2936680 is divided by 102?
100
Calculate the remainder when 77478925 is divided by 25826300.
25
What is the remainder when 1766682 is divided by 27?
18
What is the remainder when 171937 is divided by 42973?
45
Calculate the remainder when 12803047 is divided by 650.
647
What is the remainder when 4425521 is divided by 776?
769
Calculate the remainder when 46744287 is divided by 8.
7
Calculate the remainder when 1001527 is divided by 100.
27
Calculate the remainder when 1120868 is divided by 3071.
3024
Calculate the remainder when 53333 is divided by 1047.
983
What is the remainder when 2733760 is divided by 2228?
4
What is the remainder when 256689395 is divided by 431?
18
Calculate the remainder when 244067 is divided by 48074.
3697
What is the remainder when 5027376 is divided by 94856?
8
Calculate the remainder when 10214014 is divided by 217319.
21
Calculate the remainder when 1062717 is divided by 211.
121
Calculate the remainder when 14672211 is divided by 58223.
15
What is the remainder when 27956446 is divided by 386?
10
Calculate the remainder when 4331086 is divided by 1718.
8
Calculate the remainder when 445667 is divided by 10360.
187
Calculate the remainder when 17476 is divided by 350.
326
Calculate the remainder when 98949508 is divided by 2137.
2134
What is the remainder when 44565 is divided by 4213?
2435
What is the remainder when 17171422 is divided by 16?
14
Calculate the remainder when 49944 is divided by 113.
111
Calculate the remainder when 27268462 is divided by 13991.
3
Calculate the remainder when 51924 is divided by 86.
66
Calculate the remainder when 1240451 is divided by 112756.
135
Calculate the remainder when 1960943 is divided by 2174.
2169
Calculate the remainder when 1002246 is divided by 50111.
26
Calculate the remainder when 509622747 is divided by 450.
447
What is the remainder when 6513742 is divided by 388?
386
What is the remainder when 43691 is divided by 1308?
527
What is the remainder when 18040077 is divided by 3573?
0
Calculate the remainder when 618675 is divided by 503.
488
Calculate the remainder when 40834555 is divided by 53.
16
Calculate the remainder when 63357 is divided by 30.
27
What is the remainder when 1900593 is divided by 130?
123
What is the remainder when 7224754 is divided by 81177?
1
What is the remainder when 282594 is divided by 412?
374
What is the remainder when 565643 is divided by 25?
18
Calculate the remainder when 947379 is divided by 2476.
1547
Calculate the remainder when 7254387 is divided by 29.
8
Calculate the remainder when 4718607 is divided by 303.
291
Calculate the remainder when 750667 is divided by 107238.
1
What is the remainder when 100736 is divided by 6293?
48
What is the remainder when 858035 is divided by 535?
430
What is the remainder when 35881962 is divided by 65?
12
Calculate the remainder when 537306 is divided by 960.
666
What is the remainder when 9674398 is divided by 235960?
38
What is the remainder when 3589924 is divided by 49?
37
What is the remainder when 627223 is divided by 1257?
1237
Calculate the remainder when 1842925 is divided by 408.
397
Calculate the remainder when 244083 is divided by 10606.
145
Calculate the remainder when 467102 is divided by 35896.
454
Calculate the remainder when 1404895 is divided by 140480.
95
What is the remainder when 8082887 is divided by 1599?
1541
What is the remainder when 22800342 is divided by 44?
26
Calculate the remainder when 29476 is divided by 29119.
357
What is the remainder when 18909 is divided by 1661?
638
What is the remainder when 44102 is divided by 10429?
2386
What is the remainder when 21240815 is divided by 641?
639
Calculate the remainder when 35705655 is divided by 5945.
5930
Calculate the remainder when 966841 is divided by 171.
7
What is the remainder when 2791068 is divided by 167?
164
Calculate the remainder when 4839028 is divided by 1049.
1040
Calculate the remainder when 80789 is divided by 320.
149
What is the remainder when 5161683 is divided by 1720537?
72
Calculate the remainder when 68827625 is divided by 955939.
17
Calculate the remainder when 768800 is divided by 192059.
564
Calculate the remainder when 122221626 is divided by 231.
219
What is the remainder when 20491414 is divided by 2561418?
70
Calculate the remainder when 306267591 is divided by 24.
15
What is the remainder when 1312113 is divided by 289?
53
What is the remainder when 294384 is divided by 85?
29
What is the remainder when 86172692 is divided by 19?
16
What is the remainder when 526479 is divided by 175478?
45
What is the remainder when 165695357 is divided by 640?
637
What is the remainder when 64727 is divided by 15542?
2559
What is the remainder when 516927 is divided by 7485?
462
Calculate the remainder when 1597184 is divided by 24571.
69
Calculate the remainder when 17808821 is divided by 157.
154
Calculate the remainder when 4047566 is divided by 917.
845
What is the remainder when 102678 is divided by 9620?
6478
Calculate the remainder when 5551492 is divided by 567.
562
Calculate the remainder when 9668 is divided by 876.
32
What is the remainder when 34196634 is divided by 236?
234
Calculate the remainder when 153038 is divided by 38019.
962
What is the remainder when 9441028 is divided by 1167?
1165
Calculate the remainder when 33754 is divided by 1202.
98
Calculate the remainder when 2122807 is divided by 11536.
183
Calculate the remainder when 291226642 is divided by 1242.
1240
Calculate the remainder when 781020 is divided by 32.
28
What is the remainder when 3111181 is divided by 1035?
1006
Calculate the remainder when 2208988 is divided by 480.
28
What is the remainder when 1958429 is divided by 76?
61
What is the remainder when 3568561 is divided by 296?
281
Calculate the remainder when 53935 is divided by 2420.
695
What is the remainder when 5667 is divided by 2797?
73
What is the remainder when 2677277 is divided by 239?
238
Calculate the remainder when 1693465 is divided by 43422.
7
What is the remainder when 530955 is divided by 111?
42
What is the remainder when 128360 is divided by 142?
134
Calculate the remainder when 2471590 is divided by 63.
37
Calculate the remainder when 14329019 is divided by 4.
3
What is the remai